{"id":1180,"date":"2022-09-11T16:14:33","date_gmt":"2022-09-11T16:14:33","guid":{"rendered":"http:\/\/a.dog.systems\/?page_id=1180"},"modified":"2023-07-31T10:09:14","modified_gmt":"2023-07-31T10:09:14","slug":"leistungen","status":"publish","type":"page","link":"https:\/\/www.dr-eisenmenger.at\/zahnarzt\/sample-page\/leistungen\/","title":{"rendered":"Leistungen"},"content":{"rendered":"<div class=\"fusion-fullwidth fullwidth-box fusion-builder-row-1 fusion-flex-container fusion-parallax-fixed nonhundred-percent-fullwidth non-hundred-percent-height-scrolling\" style=\"--awb-background-blend-mode:soft-light;--awb-border-sizes-top:110;--awb-border-sizes-bottom:110;--awb-border-sizes-left:5%;--awb-border-sizes-right:5%;--awb-border-radius-top-left:0px;--awb-border-radius-top-right:0px;--awb-border-radius-bottom-right:0px;--awb-border-radius-bottom-left:0px;--awb-padding-top:110px;--awb-padding-right:5%;--awb-padding-bottom:110px;--awb-padding-left:5%;--awb-background-image:url(&quot;https:\/\/www.dr-eisenmenger.at\/zahnarzt\/wp-content\/uploads\/\/2022\/09\/NEUZeichenflaeche-73-1200x1647.png&quot;);--awb-background-size:cover;--awb-flex-wrap:wrap;background-attachment:fixed;\" ><div class=\"fusion-builder-row fusion-row fusion-flex-align-items-flex-start fusion-flex-content-wrap\" style=\"max-width:1227.2px;margin-left: calc(-4% \/ 2 );margin-right: calc(-4% \/ 2 );\"><div class=\"fusion-layout-column fusion_builder_column fusion-builder-column-0 fusion_builder_column_1_1 1_1 fusion-flex-column\" style=\"--awb-bg-size:cover;--awb-width-large:100%;--awb-margin-top-large:0px;--awb-spacing-right-large:1.92%;--awb-margin-bottom-large:20px;--awb-spacing-left-large:1.92%;--awb-width-medium:100%;--awb-order-medium:0;--awb-spacing-right-medium:1.92%;--awb-spacing-left-medium:1.92%;--awb-width-small:100%;--awb-order-small:0;--awb-spacing-right-small:1.92%;--awb-spacing-left-small:1.92%;\"><div class=\"fusion-column-wrapper fusion-column-has-shadow fusion-flex-justify-content-flex-start fusion-content-layout-column\"><div class=\"fusion-text fusion-text-1\"><div class=\"q_elements_item data-768-1024=\" data-600-768=\"0 0 30px\" data-480-600=\"0 0 30px\" data-480=\"0 0 30px\" data-animation=\"no\" data-item-class=\"q_elements_holder_custom_688480\">\n<div class=\"q_elements_item_inner\">\n<div class=\"q_elements_item_content q_elements_holder_custom_688480\">\n<div class=\"wpb_text_column wpb_content_element \">\n<div class=\"wpb_wrapper\">\n<p>Ich liebe und lebe meinen Beruf und versuche mit meinem Team, f\u00fcr all unsere Patienten das Beste im Sinne ihrer Zahngesundheit zu erzielen. Unsere Praxis bietet eine ganzheitliche zahnmedizinische Behandlung f\u00fcr Sie an. Sie stehen bei uns im Mittelpunkt. \u00a0Schonende und minimalinvasive Behandlungen werden in der Behandlungsstrategie immer an oberste Stelle gesetzt, denn unseren \u00a0Patienten sollen die eigenen Z\u00e4hne so lange wie m\u00f6glich erhalten bleiben.<\/p>\n<p>Minimalinvasive F\u00fcllungen, Kronen, Br\u00fccken aber auch hochkomplexe mikroskopische Wurzelbehandlungen sowie Zahnfleischbehandlungen geh\u00f6ren zu unserer t\u00e4glichen Arbeit. Die sehr aufwendig gestaltete Parodontal-Therapie wird von unseren qualifizierten Prophylaxe-Assistentinnen durchgef\u00fchrt. Die ganzheitliche Funktionsdiagnostik f\u00fcr Ihre Z\u00e4hne rundet unser medizinisches Angebot ab. Denn: \u00a0Z\u00e4hne k\u00f6nnen nicht nur Zahnschmerzen, sondern auch funktionelle Probleme im K\u00f6rper ausl\u00f6sen. Der Mund-, Kiefer-, und Zahnbereich ist ein sehr komplexes System, das mit dem gesamten K\u00f6rper engstens verbunden ist. Zahn-, und Kiefergelenksfehlstellungen k\u00f6nnen mitunter die Ursache f\u00fcr weitere Folgebeschwerden im K\u00f6rper sein. In unserer Praxis wird der Mensch als Ganzes betrachtet und den Zahnschmerzen auf den wahren Grund gef\u00fchlt.<\/p>\n<\/div>\n<\/div>\n<\/div>\n<\/div>\n<\/div>\n<\/div><div class=\"fusion-separator fusion-full-width-sep\" style=\"align-self: center;margin-left: auto;margin-right: auto;margin-top:150px;width:100%;\"><\/div><div class=\"fusion-blog-shortcode fusion-blog-shortcode-1 fusion-blog-archive fusion-blog-layout-grid-wrapper fusion-blog-no fusion-blog-layout-center\"><style type=\"text\/css\">.fusion-blog-shortcode-1 .fusion-blog-layout-grid .fusion-post-grid{padding:20px;}.fusion-blog-shortcode-1 .fusion-posts-container{margin-left: -20px !important; margin-right:-20px !important;}<\/style><div class=\"fusion-posts-container fusion-posts-container-no fusion-no-meta-info fusion-blog-rollover fusion-blog-layout-grid fusion-blog-layout-grid-3 isotope fusion-blog-equal-heights\" data-pages=\"1\" data-grid-col-space=\"40\" style=\"margin: -20px -20px 0;min-height:500px;\"><article id=\"blog-1-post-1236\" class=\"fusion-post-grid post-1236 post type-post status-publish format-standard has-post-thumbnail hentry category-leistungen\">\n<div class=\"fusion-post-wrapper\" style=\"background-color:rgba(255,255,255,0);border:1px solid #ebeaea;border-bottom-width:3px;\">\n\n\t\t\t<div class=\"fusion-flexslider flexslider fusion-flexslider-loading fusion-post-slideshow\" style=\"border-color:#ebeaea;\">\n\t\t<ul class=\"slides\">\n\t\t\t\n\t\t\t\t\t\t\t\t\t\t\t\t\t\t<li><div  class=\"fusion-image-wrapper\" aria-haspopup=\"true\">\n\t\t\t\t<img decoding=\"async\" width=\"2560\" height=\"1707\" src=\"https:\/\/www.dr-eisenmenger.at\/zahnarzt\/wp-content\/uploads\/\/2021\/03\/pexels-andrea-piacquadio-3881449-scaled.jpg\" class=\"attachment-full size-full wp-post-image\" alt=\"Leistungen\" srcset=\"https:\/\/www.dr-eisenmenger.at\/zahnarzt\/wp-content\/uploads\/2021\/03\/pexels-andrea-piacquadio-3881449-200x133.jpg 200w, https:\/\/www.dr-eisenmenger.at\/zahnarzt\/wp-content\/uploads\/2021\/03\/pexels-andrea-piacquadio-3881449-400x267.jpg 400w, https:\/\/www.dr-eisenmenger.at\/zahnarzt\/wp-content\/uploads\/2021\/03\/pexels-andrea-piacquadio-3881449-600x400.jpg 600w, https:\/\/www.dr-eisenmenger.at\/zahnarzt\/wp-content\/uploads\/2021\/03\/pexels-andrea-piacquadio-3881449-800x533.jpg 800w, https:\/\/www.dr-eisenmenger.at\/zahnarzt\/wp-content\/uploads\/2021\/03\/pexels-andrea-piacquadio-3881449-1200x800.jpg 1200w, https:\/\/www.dr-eisenmenger.at\/zahnarzt\/wp-content\/uploads\/\/2021\/03\/pexels-andrea-piacquadio-3881449-scaled.jpg 2560w\" sizes=\"(min-width: 2200px) 100vw, (min-width: 784px) 367px, (min-width: 712px) 550px, (min-width: 640px) 712px, \" \/><div class=\"fusion-rollover\">\n\t<div class=\"fusion-rollover-content\">\n\n\t\t\t\t\t\t\t\t\t\t\t\t\t\t<a class=\"fusion-rollover-link\" href=\"https:\/\/www.dr-eisenmenger.at\/zahnarzt\/orale-chirurgie\/\">Orale Chirurgie<\/a>\n\t\t\t\n\t\t\t\t\t\t\t\t\n\t\t\n\t\t\t\t\t\t\t\t\t\t\t\t<h4 class=\"fusion-rollover-title\">\n\t\t\t\t\t<a class=\"fusion-rollover-title-link\" href=\"https:\/\/www.dr-eisenmenger.at\/zahnarzt\/orale-chirurgie\/\">\n\t\t\t\t\t\tOrale Chirurgie\t\t\t\t\t<\/a>\n\t\t\t\t<\/h4>\n\t\t\t\n\t\t\t\t\t\t\t\t\n\t\t\n\t\t\t\t\t\t<a class=\"fusion-link-wrapper\" href=\"https:\/\/www.dr-eisenmenger.at\/zahnarzt\/orale-chirurgie\/\" aria-label=\"Orale Chirurgie\"><\/a>\n\t<\/div>\n<\/div>\n<\/div>\n<\/li>\n\t\t\t\n\t\t\t\n\t\t\t\t\t\t\t\t\t\t\t\t\t\t\t\t\t\t\t\t\t\t\t\t\t\t\t\t\t\t\t\t\t\t\t\t\t\t\t\t\t\t\t\t\t\t\t\t\t\t\t\t\t<\/ul>\n\t<\/div>\n\t<div class=\"fusion-post-content-wrapper\" style=\"padding:30px 25px 25px 25px;\"><div class=\"fusion-post-content post-content\"><h2 class=\"blog-shortcode-post-title entry-title\"><a href=\"https:\/\/www.dr-eisenmenger.at\/zahnarzt\/orale-chirurgie\/\">Orale Chirurgie<\/a><\/h2><\/div><\/div><div class=\"fusion-clearfix\"><\/div><\/div>\n<\/article>\n<article id=\"blog-1-post-135\" class=\"fusion-post-grid post-135 post type-post status-publish format-standard has-post-thumbnail hentry category-leistungen\">\n<div class=\"fusion-post-wrapper\" style=\"background-color:rgba(255,255,255,0);border:1px solid #ebeaea;border-bottom-width:3px;\">\n\n\t\t\t<div class=\"fusion-flexslider flexslider fusion-flexslider-loading fusion-post-slideshow\" style=\"border-color:#ebeaea;\">\n\t\t<ul class=\"slides\">\n\t\t\t\n\t\t\t\t\t\t\t\t\t\t\t\t\t\t<li><div  class=\"fusion-image-wrapper\" aria-haspopup=\"true\">\n\t\t\t\t<img decoding=\"async\" width=\"2560\" height=\"1707\" src=\"https:\/\/www.dr-eisenmenger.at\/zahnarzt\/wp-content\/uploads\/\/2021\/01\/pexels-cottonbro-6502305-scaled.jpg\" class=\"attachment-full size-full wp-post-image\" alt=\"Implantate\" srcset=\"https:\/\/www.dr-eisenmenger.at\/zahnarzt\/wp-content\/uploads\/2021\/01\/pexels-cottonbro-6502305-200x133.jpg 200w, https:\/\/www.dr-eisenmenger.at\/zahnarzt\/wp-content\/uploads\/2021\/01\/pexels-cottonbro-6502305-400x267.jpg 400w, https:\/\/www.dr-eisenmenger.at\/zahnarzt\/wp-content\/uploads\/2021\/01\/pexels-cottonbro-6502305-600x400.jpg 600w, https:\/\/www.dr-eisenmenger.at\/zahnarzt\/wp-content\/uploads\/2021\/01\/pexels-cottonbro-6502305-800x533.jpg 800w, https:\/\/www.dr-eisenmenger.at\/zahnarzt\/wp-content\/uploads\/2021\/01\/pexels-cottonbro-6502305-1200x800.jpg 1200w, https:\/\/www.dr-eisenmenger.at\/zahnarzt\/wp-content\/uploads\/\/2021\/01\/pexels-cottonbro-6502305-scaled.jpg 2560w\" sizes=\"(min-width: 2200px) 100vw, (min-width: 784px) 367px, (min-width: 712px) 550px, (min-width: 640px) 712px, \" \/><div class=\"fusion-rollover\">\n\t<div class=\"fusion-rollover-content\">\n\n\t\t\t\t\t\t\t\t\t\t\t\t\t\t<a class=\"fusion-rollover-link\" href=\"https:\/\/www.dr-eisenmenger.at\/zahnarzt\/implantate\/\">Implantate<\/a>\n\t\t\t\n\t\t\t\t\t\t\t\t\n\t\t\n\t\t\t\t\t\t\t\t\t\t\t\t<h4 class=\"fusion-rollover-title\">\n\t\t\t\t\t<a class=\"fusion-rollover-title-link\" href=\"https:\/\/www.dr-eisenmenger.at\/zahnarzt\/implantate\/\">\n\t\t\t\t\t\tImplantate\t\t\t\t\t<\/a>\n\t\t\t\t<\/h4>\n\t\t\t\n\t\t\t\t\t\t\t\t\n\t\t\n\t\t\t\t\t\t<a class=\"fusion-link-wrapper\" href=\"https:\/\/www.dr-eisenmenger.at\/zahnarzt\/implantate\/\" aria-label=\"Implantate\"><\/a>\n\t<\/div>\n<\/div>\n<\/div>\n<\/li>\n\t\t\t\n\t\t\t\n\t\t\t\t\t\t\t\t\t\t\t\t\t\t\t\t\t\t\t\t\t\t\t\t\t\t\t\t\t\t\t\t\t\t\t\t\t\t\t\t\t\t\t\t\t\t\t\t\t\t\t\t\t<\/ul>\n\t<\/div>\n\t<div class=\"fusion-post-content-wrapper\" style=\"padding:30px 25px 25px 25px;\"><div class=\"fusion-post-content post-content\"><h2 class=\"blog-shortcode-post-title entry-title\"><a href=\"https:\/\/www.dr-eisenmenger.at\/zahnarzt\/implantate\/\">Implantate<\/a><\/h2><\/div><\/div><div class=\"fusion-clearfix\"><\/div><\/div>\n<\/article>\n<article id=\"blog-1-post-155\" class=\"fusion-post-grid post-155 post type-post status-publish format-standard has-post-thumbnail hentry category-leistungen\">\n<div class=\"fusion-post-wrapper\" style=\"background-color:rgba(255,255,255,0);border:1px solid #ebeaea;border-bottom-width:3px;\">\n\n\t\t\t<div class=\"fusion-flexslider flexslider fusion-flexslider-loading fusion-post-slideshow\" style=\"border-color:#ebeaea;\">\n\t\t<ul class=\"slides\">\n\t\t\t\n\t\t\t\t\t\t\t\t\t\t\t\t\t\t<li><div  class=\"fusion-image-wrapper\" aria-haspopup=\"true\">\n\t\t\t\t<img decoding=\"async\" width=\"2560\" height=\"1707\" src=\"https:\/\/www.dr-eisenmenger.at\/zahnarzt\/wp-content\/uploads\/\/2021\/01\/heller_pexels-tara-winstead-6690856-scaled.jpg\" class=\"attachment-full size-full wp-post-image\" alt=\"Mundhygiene\" srcset=\"https:\/\/www.dr-eisenmenger.at\/zahnarzt\/wp-content\/uploads\/2021\/01\/heller_pexels-tara-winstead-6690856-200x133.jpg 200w, https:\/\/www.dr-eisenmenger.at\/zahnarzt\/wp-content\/uploads\/2021\/01\/heller_pexels-tara-winstead-6690856-400x267.jpg 400w, https:\/\/www.dr-eisenmenger.at\/zahnarzt\/wp-content\/uploads\/2021\/01\/heller_pexels-tara-winstead-6690856-600x400.jpg 600w, https:\/\/www.dr-eisenmenger.at\/zahnarzt\/wp-content\/uploads\/2021\/01\/heller_pexels-tara-winstead-6690856-800x533.jpg 800w, https:\/\/www.dr-eisenmenger.at\/zahnarzt\/wp-content\/uploads\/2021\/01\/heller_pexels-tara-winstead-6690856-1200x800.jpg 1200w, https:\/\/www.dr-eisenmenger.at\/zahnarzt\/wp-content\/uploads\/\/2021\/01\/heller_pexels-tara-winstead-6690856-scaled.jpg 2560w\" sizes=\"(min-width: 2200px) 100vw, (min-width: 784px) 367px, (min-width: 712px) 550px, (min-width: 640px) 712px, \" \/><div class=\"fusion-rollover\">\n\t<div class=\"fusion-rollover-content\">\n\n\t\t\t\t\t\t\t\t\t\t\t\t\t\t<a class=\"fusion-rollover-link\" href=\"https:\/\/www.dr-eisenmenger.at\/zahnarzt\/mundhygiene\/\">Mundhygiene<\/a>\n\t\t\t\n\t\t\t\t\t\t\t\t\n\t\t\n\t\t\t\t\t\t\t\t\t\t\t\t<h4 class=\"fusion-rollover-title\">\n\t\t\t\t\t<a class=\"fusion-rollover-title-link\" href=\"https:\/\/www.dr-eisenmenger.at\/zahnarzt\/mundhygiene\/\">\n\t\t\t\t\t\tMundhygiene\t\t\t\t\t<\/a>\n\t\t\t\t<\/h4>\n\t\t\t\n\t\t\t\t\t\t\t\t\n\t\t\n\t\t\t\t\t\t<a class=\"fusion-link-wrapper\" href=\"https:\/\/www.dr-eisenmenger.at\/zahnarzt\/mundhygiene\/\" aria-label=\"Mundhygiene\"><\/a>\n\t<\/div>\n<\/div>\n<\/div>\n<\/li>\n\t\t\t\n\t\t\t\n\t\t\t\t\t\t\t\t\t\t\t\t\t\t\t\t\t\t\t\t\t\t\t\t\t\t\t\t\t\t\t\t\t\t\t\t\t\t\t\t\t\t\t\t\t\t\t\t\t\t\t\t\t<\/ul>\n\t<\/div>\n\t<div class=\"fusion-post-content-wrapper\" style=\"padding:30px 25px 25px 25px;\"><div class=\"fusion-post-content post-content\"><h2 class=\"blog-shortcode-post-title entry-title\"><a href=\"https:\/\/www.dr-eisenmenger.at\/zahnarzt\/mundhygiene\/\">Mundhygiene<\/a><\/h2><\/div><\/div><div class=\"fusion-clearfix\"><\/div><\/div>\n<\/article>\n<article id=\"blog-1-post-654\" class=\"fusion-post-grid post-654 post type-post status-publish format-standard has-post-thumbnail hentry category-leistungen\">\n<div class=\"fusion-post-wrapper\" style=\"background-color:rgba(255,255,255,0);border:1px solid #ebeaea;border-bottom-width:3px;\">\n\n\t\t\t<div class=\"fusion-flexslider flexslider fusion-flexslider-loading fusion-post-slideshow\" style=\"border-color:#ebeaea;\">\n\t\t<ul class=\"slides\">\n\t\t\t\n\t\t\t\t\t\t\t\t\t\t\t\t\t\t<li><div  class=\"fusion-image-wrapper\" aria-haspopup=\"true\">\n\t\t\t\t<img decoding=\"async\" width=\"2560\" height=\"1707\" src=\"https:\/\/www.dr-eisenmenger.at\/zahnarzt\/wp-content\/uploads\/\/2022\/09\/Parodontitis-scaled.jpg\" class=\"attachment-full size-full wp-post-image\" alt=\"Parodontitis\" srcset=\"https:\/\/www.dr-eisenmenger.at\/zahnarzt\/wp-content\/uploads\/2022\/09\/Parodontitis-200x133.jpg 200w, https:\/\/www.dr-eisenmenger.at\/zahnarzt\/wp-content\/uploads\/2022\/09\/Parodontitis-400x267.jpg 400w, https:\/\/www.dr-eisenmenger.at\/zahnarzt\/wp-content\/uploads\/2022\/09\/Parodontitis-600x400.jpg 600w, https:\/\/www.dr-eisenmenger.at\/zahnarzt\/wp-content\/uploads\/2022\/09\/Parodontitis-800x534.jpg 800w, https:\/\/www.dr-eisenmenger.at\/zahnarzt\/wp-content\/uploads\/2022\/09\/Parodontitis-1200x800.jpg 1200w, https:\/\/www.dr-eisenmenger.at\/zahnarzt\/wp-content\/uploads\/\/2022\/09\/Parodontitis-scaled.jpg 2560w\" sizes=\"(min-width: 2200px) 100vw, (min-width: 784px) 367px, (min-width: 712px) 550px, (min-width: 640px) 712px, \" \/><div class=\"fusion-rollover\">\n\t<div class=\"fusion-rollover-content\">\n\n\t\t\t\t\t\t\t\t\t\t\t\t\t\t<a class=\"fusion-rollover-link\" href=\"https:\/\/www.dr-eisenmenger.at\/zahnarzt\/paradontitis\/\">Parodontitis<\/a>\n\t\t\t\n\t\t\t\t\t\t\t\t\n\t\t\n\t\t\t\t\t\t\t\t\t\t\t\t<h4 class=\"fusion-rollover-title\">\n\t\t\t\t\t<a class=\"fusion-rollover-title-link\" href=\"https:\/\/www.dr-eisenmenger.at\/zahnarzt\/paradontitis\/\">\n\t\t\t\t\t\tParodontitis\t\t\t\t\t<\/a>\n\t\t\t\t<\/h4>\n\t\t\t\n\t\t\t\t\t\t\t\t\n\t\t\n\t\t\t\t\t\t<a class=\"fusion-link-wrapper\" href=\"https:\/\/www.dr-eisenmenger.at\/zahnarzt\/paradontitis\/\" aria-label=\"Parodontitis\"><\/a>\n\t<\/div>\n<\/div>\n<\/div>\n<\/li>\n\t\t\t\n\t\t\t\n\t\t\t\t\t\t\t\t\t\t\t\t\t\t\t\t\t\t\t\t\t\t\t\t\t\t\t\t\t\t\t\t\t\t\t\t\t\t\t\t\t\t\t\t\t\t\t\t\t\t\t\t\t<\/ul>\n\t<\/div>\n\t<div class=\"fusion-post-content-wrapper\" style=\"padding:30px 25px 25px 25px;\"><div class=\"fusion-post-content post-content\"><h2 class=\"blog-shortcode-post-title entry-title\"><a href=\"https:\/\/www.dr-eisenmenger.at\/zahnarzt\/paradontitis\/\">Parodontitis<\/a><\/h2><\/div><\/div><div class=\"fusion-clearfix\"><\/div><\/div>\n<\/article>\n<article id=\"blog-1-post-139\" class=\"fusion-post-grid post-139 post type-post status-publish format-standard has-post-thumbnail hentry category-leistungen\">\n<div class=\"fusion-post-wrapper\" style=\"background-color:rgba(255,255,255,0);border:1px solid #ebeaea;border-bottom-width:3px;\">\n\n\t\t\t<div class=\"fusion-flexslider flexslider fusion-flexslider-loading fusion-post-slideshow\" style=\"border-color:#ebeaea;\">\n\t\t<ul class=\"slides\">\n\t\t\t\n\t\t\t\t\t\t\t\t\t\t\t\t\t\t<li><div  class=\"fusion-image-wrapper\" aria-haspopup=\"true\">\n\t\t\t\t<img decoding=\"async\" width=\"2560\" height=\"1707\" src=\"https:\/\/www.dr-eisenmenger.at\/zahnarzt\/wp-content\/uploads\/\/2022\/09\/Zahnaesthetik-scaled.jpg\" class=\"attachment-full size-full wp-post-image\" alt=\"Zahnaesthetik\" srcset=\"https:\/\/www.dr-eisenmenger.at\/zahnarzt\/wp-content\/uploads\/2022\/09\/Zahnaesthetik-200x133.jpg 200w, https:\/\/www.dr-eisenmenger.at\/zahnarzt\/wp-content\/uploads\/2022\/09\/Zahnaesthetik-400x267.jpg 400w, https:\/\/www.dr-eisenmenger.at\/zahnarzt\/wp-content\/uploads\/2022\/09\/Zahnaesthetik-600x400.jpg 600w, https:\/\/www.dr-eisenmenger.at\/zahnarzt\/wp-content\/uploads\/2022\/09\/Zahnaesthetik-800x534.jpg 800w, https:\/\/www.dr-eisenmenger.at\/zahnarzt\/wp-content\/uploads\/2022\/09\/Zahnaesthetik-1200x800.jpg 1200w, https:\/\/www.dr-eisenmenger.at\/zahnarzt\/wp-content\/uploads\/\/2022\/09\/Zahnaesthetik-scaled.jpg 2560w\" sizes=\"(min-width: 2200px) 100vw, (min-width: 784px) 367px, (min-width: 712px) 550px, (min-width: 640px) 712px, \" \/><div class=\"fusion-rollover\">\n\t<div class=\"fusion-rollover-content\">\n\n\t\t\t\t\t\t\t\t\t\t\t\t\t\t<a class=\"fusion-rollover-link\" href=\"https:\/\/www.dr-eisenmenger.at\/zahnarzt\/zahnaesthetik\/\">Zahn\u00e4sthetik<\/a>\n\t\t\t\n\t\t\t\t\t\t\t\t\n\t\t\n\t\t\t\t\t\t\t\t\t\t\t\t<h4 class=\"fusion-rollover-title\">\n\t\t\t\t\t<a class=\"fusion-rollover-title-link\" href=\"https:\/\/www.dr-eisenmenger.at\/zahnarzt\/zahnaesthetik\/\">\n\t\t\t\t\t\tZahn\u00e4sthetik\t\t\t\t\t<\/a>\n\t\t\t\t<\/h4>\n\t\t\t\n\t\t\t\t\t\t\t\t\n\t\t\n\t\t\t\t\t\t<a class=\"fusion-link-wrapper\" href=\"https:\/\/www.dr-eisenmenger.at\/zahnarzt\/zahnaesthetik\/\" aria-label=\"Zahn\u00e4sthetik\"><\/a>\n\t<\/div>\n<\/div>\n<\/div>\n<\/li>\n\t\t\t\n\t\t\t\n\t\t\t\t\t\t\t\t\t\t\t\t\t\t\t\t\t\t\t\t\t\t\t\t\t\t\t\t\t\t\t\t\t\t\t\t\t\t\t\t\t\t\t\t\t\t\t\t\t\t\t\t\t<\/ul>\n\t<\/div>\n\t<div class=\"fusion-post-content-wrapper\" style=\"padding:30px 25px 25px 25px;\"><div class=\"fusion-post-content post-content\"><h2 class=\"blog-shortcode-post-title entry-title\"><a href=\"https:\/\/www.dr-eisenmenger.at\/zahnarzt\/zahnaesthetik\/\">Zahn\u00e4sthetik<\/a><\/h2><\/div><\/div><div class=\"fusion-clearfix\"><\/div><\/div>\n<\/article>\n<article id=\"blog-1-post-149\" class=\"fusion-post-grid post-149 post type-post status-publish format-standard has-post-thumbnail hentry category-leistungen\">\n<div class=\"fusion-post-wrapper\" style=\"background-color:rgba(255,255,255,0);border:1px solid #ebeaea;border-bottom-width:3px;\">\n\n\t\t\t<div class=\"fusion-flexslider flexslider fusion-flexslider-loading fusion-post-slideshow\" style=\"border-color:#ebeaea;\">\n\t\t<ul class=\"slides\">\n\t\t\t\n\t\t\t\t\t\t\t\t\t\t\t\t\t\t<li><div  class=\"fusion-image-wrapper\" aria-haspopup=\"true\">\n\t\t\t\t<img decoding=\"async\" width=\"2560\" height=\"1707\" src=\"https:\/\/www.dr-eisenmenger.at\/zahnarzt\/wp-content\/uploads\/\/2022\/09\/Zahnerhaltung-scaled.jpg\" class=\"attachment-full size-full wp-post-image\" alt=\"Vorsorgeuntersuchung und Zahnerhaltung\" srcset=\"https:\/\/www.dr-eisenmenger.at\/zahnarzt\/wp-content\/uploads\/2022\/09\/Zahnerhaltung-200x133.jpg 200w, https:\/\/www.dr-eisenmenger.at\/zahnarzt\/wp-content\/uploads\/2022\/09\/Zahnerhaltung-400x267.jpg 400w, https:\/\/www.dr-eisenmenger.at\/zahnarzt\/wp-content\/uploads\/2022\/09\/Zahnerhaltung-600x400.jpg 600w, https:\/\/www.dr-eisenmenger.at\/zahnarzt\/wp-content\/uploads\/2022\/09\/Zahnerhaltung-800x534.jpg 800w, https:\/\/www.dr-eisenmenger.at\/zahnarzt\/wp-content\/uploads\/2022\/09\/Zahnerhaltung-1200x800.jpg 1200w, https:\/\/www.dr-eisenmenger.at\/zahnarzt\/wp-content\/uploads\/\/2022\/09\/Zahnerhaltung-scaled.jpg 2560w\" sizes=\"(min-width: 2200px) 100vw, (min-width: 784px) 367px, (min-width: 712px) 550px, (min-width: 640px) 712px, \" \/><div class=\"fusion-rollover\">\n\t<div class=\"fusion-rollover-content\">\n\n\t\t\t\t\t\t\t\t\t\t\t\t\t\t<a class=\"fusion-rollover-link\" href=\"https:\/\/www.dr-eisenmenger.at\/zahnarzt\/zahnerhaltung\/\">Zahnerhaltung<\/a>\n\t\t\t\n\t\t\t\t\t\t\t\t\n\t\t\n\t\t\t\t\t\t\t\t\t\t\t\t<h4 class=\"fusion-rollover-title\">\n\t\t\t\t\t<a class=\"fusion-rollover-title-link\" href=\"https:\/\/www.dr-eisenmenger.at\/zahnarzt\/zahnerhaltung\/\">\n\t\t\t\t\t\tZahnerhaltung\t\t\t\t\t<\/a>\n\t\t\t\t<\/h4>\n\t\t\t\n\t\t\t\t\t\t\t\t\n\t\t\n\t\t\t\t\t\t<a class=\"fusion-link-wrapper\" href=\"https:\/\/www.dr-eisenmenger.at\/zahnarzt\/zahnerhaltung\/\" aria-label=\"Zahnerhaltung\"><\/a>\n\t<\/div>\n<\/div>\n<\/div>\n<\/li>\n\t\t\t\n\t\t\t\n\t\t\t\t\t\t\t\t\t\t\t\t\t\t\t\t\t\t\t\t\t\t\t\t\t\t\t\t\t\t\t\t\t\t\t\t\t\t\t\t\t\t\t\t\t\t\t\t\t\t\t\t\t<\/ul>\n\t<\/div>\n\t<div class=\"fusion-post-content-wrapper\" style=\"padding:30px 25px 25px 25px;\"><div class=\"fusion-post-content post-content\"><h2 class=\"blog-shortcode-post-title entry-title\"><a href=\"https:\/\/www.dr-eisenmenger.at\/zahnarzt\/zahnerhaltung\/\">Zahnerhaltung<\/a><\/h2><\/div><\/div><div class=\"fusion-clearfix\"><\/div><\/div>\n<\/article>\n<div class=\"fusion-clearfix\"><\/div><\/div><\/div><\/div><\/div><\/div><\/div>\n","protected":false},"excerpt":{"rendered":"","protected":false},"author":1,"featured_media":0,"parent":2,"menu_order":0,"comment_status":"closed","ping_status":"closed","template":"100-width.php","meta":{"footnotes":""},"class_list":["post-1180","page","type-page","status-publish","hentry"],"_links":{"self":[{"href":"https:\/\/www.dr-eisenmenger.at\/zahnarzt\/wp-json\/wp\/v2\/pages\/1180","targetHints":{"allow":["GET"]}}],"collection":[{"href":"https:\/\/www.dr-eisenmenger.at\/zahnarzt\/wp-json\/wp\/v2\/pages"}],"about":[{"href":"https:\/\/www.dr-eisenmenger.at\/zahnarzt\/wp-json\/wp\/v2\/types\/page"}],"author":[{"embeddable":true,"href":"https:\/\/www.dr-eisenmenger.at\/zahnarzt\/wp-json\/wp\/v2\/users\/1"}],"replies":[{"embeddable":true,"href":"https:\/\/www.dr-eisenmenger.at\/zahnarzt\/wp-json\/wp\/v2\/comments?post=1180"}],"version-history":[{"count":13,"href":"https:\/\/www.dr-eisenmenger.at\/zahnarzt\/wp-json\/wp\/v2\/pages\/1180\/revisions"}],"predecessor-version":[{"id":1373,"href":"https:\/\/www.dr-eisenmenger.at\/zahnarzt\/wp-json\/wp\/v2\/pages\/1180\/revisions\/1373"}],"up":[{"embeddable":true,"href":"https:\/\/www.dr-eisenmenger.at\/zahnarzt\/wp-json\/wp\/v2\/pages\/2"}],"wp:attachment":[{"href":"https:\/\/www.dr-eisenmenger.at\/zahnarzt\/wp-json\/wp\/v2\/media?parent=1180"}],"curies":[{"name":"wp","href":"https:\/\/api.w.org\/{rel}","templated":true}]}}